prime factors of m.
2, 3, 113
Let r = 1677 - 1182. List the prime factors of r.
3, 5, 11
Suppose 34*u - 19*u - 334648 - 90017 = 0. What are the prime factors of u?
3, 9437
Suppose 3*b - 46 - 7 = -5*y, y - 6 = 4*b. Let w = y + -4. List the prime factors of ((-4)/(-6))/(w/1107).
3, 41
Suppose -21090 = -3*k + 3*u, 0 = 4*k - 3*u - 27896 - 221. List the prime factors of k.
7027
Suppose -2*c - 17040 = 18*c. Let t = -409 - c. What are the prime factors of t?
443
Suppose -16*u + 15*u = -2. Let g(t) = 137*t**2 - t - 1. Let o be g(u). Suppose 247 = 9*h - o. List the prime factors of h.
2, 11
Let q = 28881 + -15005. What are the prime factors of q?
2, 3469
Let q(w) = -w**3 - 33*w**2 - 38*w - 940. What are the prime factors of q(-35)?
2, 5, 71
Let y(c) = -3*c**3 - c**2 - 5. Let o be y(-2). Let d be 20/o*(-3)/(-2). Let b(q) = 12*q**3 - 3*q**2 + 4*q - 2. What are the prime factors of b(d)?
2, 3, 5
What are the prime factors of (-4)/(-5) + (-67456)/(-80)?
2, 211
Suppose 28*g - 1166 = 1606. List the prime factors of g.
3, 11
Let g(p) = -37*p + 147. Let u be g(6). What are the prime factors of (-14310)/u + (-1)/(-5)?
191
Suppose -5*u - 4*v = -17, -3*u - 8*v + 23 = -12*v. Let r(j) be the third derivative of -j**4/8 + 4*j**3 + 2*j**2. List the prime factors of r(u).
3
Let k(i) be the third derivative of i**5/6 + 29*i**4/24 + 5*i**3/2 - 3*i**2 + 24*i. List the prime factors of k(-13).
2, 83
What are the prime factors of (-5)/(-1 + 0) + ((-150)/(-10) - -259)?
3, 31
Let j(s) be the third derivative of 7*s**4/4 + s**3/3 - 2*s**2 - 15*s. List the prime factors of j(4).
2, 5, 17
Suppose 121 = -7*x + 191. Suppose -5*m = -x*m + 2060. List the prime factors of m.
2, 103
Let j = 26 - 24. Suppose 7*k = -j*k + 6615. What are the prime factors of k?
3, 5, 7
Suppose -446*j + 552110 = -309*j. What are the prime factors of j?
2, 5, 13, 31
Let w be 2/(-3) + (-5 - (-156)/18). Suppose -2*f + w*l = 74, -3*f - 19 = -2*f + 3*l. Let v = f + 86. List the prime factors of v.
5, 11
What are the prime factors of (-53397)/(-4) + ((-300)/80)/(-5)?
2, 3, 5, 89
Suppose 2*s - 76012 = 4*t, -4*s - 59529 = 3*t - 211652. List the prime factors of s.
2, 7, 97
Let s = -9096 + 33267. What are the prime factors of s?
3, 7, 1151
Let s = -257 - -259. Suppose -s*z - 5*i + 7*i = -2222, 4*z = 2*i + 4446. What are the prime factors of z?
2, 139
Suppose 3*z - 12180 = -s, 2*z = s + z - 12156. What are the prime factors of s?
2, 3, 2027
Let p(n) = -n**3 + 3*n**2. Let c be p(3). Suppose 81*j + 3 = 82*j. Suppose -i + j*i - 212 = c. What are the prime factors of i?
2, 53
Let q(v) be the third derivative of 7*v**6/720 + v**5/120 + 2*v**4/3 + 18*v**2. Let k(n) be the second derivative of q(n). List the prime factors of k(1).
2
Suppose 0*f - f = 4*w + 1044, 3*w + 783 = -f. Let r = w - -368. Suppose -165 = -110*s + r*s. What are the prime factors of s?
5, 11
Let g(t) = -19987*t - 44. What are the prime factors of g(-1)?
7, 11, 37
Suppose -3*f = 3*c + c - 140, 4*f - 4*c - 196 = 0. Let u be (-2202)/(-30) + 4/(-10). Let w = u - f. What are the prime factors of w?
5
Suppose -64*m = -57*m + 5047. Let p = 1213 + m. What are the prime factors of p?
2, 3, 41
Suppose 4*u - 40068 = -3*y, -59*y + 57*y + 5*u + 26735 = 0. What are the prime factors of y?
2, 5, 167
Suppose 4*k - 23 = -0*k + 5*o, -o = 5*k - 36. Suppose 0 = -k*v - 569 + 3390. List the prime factors of v.
13, 31
Suppose 101 = 13*x - 198. Suppose -2*m = -a - 41, -5*m + 99 = x*a - 22*a. What are the prime factors of m?
2, 5
Let k(j) = -558*j - 15. Let m be (-24)/54 + (-2)/(36/10). What are the prime factors of k(m)?
3, 181
Let t = 58 + -56. Suppose -4*y - t*x + 3732 = 0, -4*x = 5*y + 2721 - 7383. List the prime factors of y.
2, 467
Let f(j) = -j**2 + 23*j + 34. Let d be f(22). Let r = 87 - d. What are the prime factors of r?
31
Let n(o) = -871*o**3 + 6*o**2 + 5*o + 6. What are the prime factors of n(-2)?
2, 1747
What are the prime factors of 2*9*21/(-756)*29212/(-2)?
67, 109
Let c = -15255 - -18942. List the prime factors of c.
3, 1229
Let w(s) = 3*s**2 + 2*s - 3. Suppose -9*k = -5*k + 20. Let t be w(k). Suppose -3*j = -n + 15 - t, 3*j = 4*n + 44. List the prime factors of j.
2
Let h(j) = -126*j**2 + 63*j**2 + 78*j**2 - 2 + 10 - 9*j. What are the prime factors of h(-5)?
2, 107
Suppose i + 10897 = -16*i. Let c = -330 - i. List the prime factors of c.
311
Let y(u) = u**3 + 2*u**2 - 6*u + 1. Let b be y(-5). Let f = 54 + b. What are the prime factors of f?
2, 5
Let i(n) = 30*n**2 - 6. Let v be i(2). Let k = v + -162. Let w = 79 - k. List the prime factors of w.
127
Let p be 16765/21*(-6)/(-5). Suppose -p = -21*q + 3662. What are the prime factors of q?
2, 5, 11
List the prime factors of (-5)/6 - (16090005/90)/(-37).
4831
Let g(b) = 7*b + 2. Let u be g(1). Let d = 416 - 208. Suppose 5*n = u*n - d. List the prime factors of n.
2, 13
Let x = 310 + -297. Suppose -75 = -3*l - 2*z, -2*l = -2*z + x - 73. What are the prime factors of l?
3
Let a = -88 + 90. Suppose -5*s - a = -27, 3*s = -d + 15. Suppose 5*v - 846 + 136 = d. What are the prime factors of v?
2, 71
Let t be 1882/8 + 2 + 9/(-4). Suppose 0 = 5*r, -9*j + 4*j - 3*r + t = 0. What are the prime factors of j?
47
Let h(u) = -5*u**3 + 5*u**2 + 75*u + 581. What are the prime factors of h(-17)?
2, 6329
Suppose -6*y = -109534 - 33176. List the prime factors of y.
5, 67, 71
Suppose -222*h - 1526118 = -260*h. What are the prime factors of h?
3, 11, 1217
Suppose -28*f + 16*f + 7*f + 25570 = 0. List the prime factors of f.
2, 2557
Let r = -13 + 30. Suppose 5*k + r*k - 6160 = 0. What are the prime factors of k?
2, 5, 7
Suppose -3*a - 4*g = -974, -2*a - g + 668 = -3*g. Let z = 414 - a. List the prime factors of z.
2, 3, 7
Let f(v) = 104*v**2 - v + 5. Let t be f(3). Suppose t = 2*i + 2*k, -3*i - 2*k = -k - 1413. Suppose -4*a + 148 = -i. What are the prime factors of a?
5, 31
Let q(p) = 2*p**3 - 32*p**2 + 2*p - 12. Let n be q(16). List the prime factors of (248/(-20) + -2)/((-2)/n).
2, 3
List the prime factors of 2/(-8) + (56341177/(-314))/(-2 - 0).
3, 5, 5981
List the prime factors of (-1501542)/(-459)*5/((-30)/(-27)).
3, 7, 701
Suppose -5*p = 5*n - 89645, -2*n - 4*p - p + 35882 = 0. List the prime factors of n.
17921
Let k be (3 + -5 - -60)*37. Suppose -4*m = 818 - k. What are the prime factors of m?
2, 83
Suppose -3*g + 7*g + 4 = -3*l, -4*l - 5*g = 4. Let f(a) = 40*a**2 - 3*a + 23. Let u be f(l). Suppose -17*m - u = -20*m. What are the prime factors of m?
7, 31
Suppose 5*l - 25 = -0. Let p be (0 + 1)*(26 - 23). Suppose i + p*i + 4*q - 740 = 0, 0 = l*q. List the prime factors of i.
5, 37
Let r = -22 - -24. Let b(p) = 12*p**3 + 2*p**2 - 4*p + 2. Let q be b(r). Let c = q - -9. What are the prime factors of c?
107
Let j(w) = 36*w**2 + 41*w + 548. List the prime factors of j(-9).
5, 619
Let d = 757 - 392. Suppose 50 = -f + d. What are the prime factors of f?
3, 5, 7
Let k(y) = -258*y - 5. Let c(b) = 255*b + 5. Let q(l) = -6*c(l) - 5*k(l). List the prime factors of q(-1).
5, 47
Let a(k) = -5263*k - 66. List the prime factors of a(-1).
5197
Let l = 175 - 193. Let r(h) = 2*h**2 + 20*h - 40. List the prime factors of r(l).
2, 31
What are the prime factors of (-30)/(-75) + 42143/5?
8429
Suppose -13*n + 19 + 7 = 0. Suppose k + 18 = -n*k. What are the prime factors of (37*4/(-3))/(2/k)?
2, 37
Suppose 48*l - 156*l + 788184 = 0. What are the prime factors of l?
2, 41, 89
Let k(j) = 3*j**2 - 398*j + 87. What are the prime factors of k(-33)?
2, 3, 229
Let m(k) = -k**3 + 92*k**2 - 117*k - 635. What are the prime factors of m(89)?
5, 2543
Suppose -36*q + 84215 = -136213. List the prime factors of q.
3, 13, 157
Let h(g) = 2*g**2 - 65*g + 896. What are the prime factors of h(64)?
2, 7, 11
Let i be (-8 - -5)/(-3) - (-2 + -1). Let g be i/5*25665/(-58). Let r = 577 + g. What are the prime factors of r?
223
Let f(l) = 51*l - 6. Let b be f(1). Suppose 36*s + b = 41*s. Suppose s*k - 27 = 306. What are the prime factors of k?
37
Let i = 16930 - 7802. What are the prime factors of i?
2, 7, 163
What are the prime factors of (-6)/27 + 87884/9 - 4/6?
2, 2441
List the prime factors of (2120/(-2))/((-6 - 1) + (-590)/(-85)).
2, 5, 17, 53
Suppose 0 = 539*g - 530*g - 99. What are the prime factors of 1/2 + (23265/18)/g?
2, 59
Suppose -3*s = -b + 3434, 2*b = s + 59